-190 is divided by m.
25
Suppose -2 = -y - x + 2, 12 = 3*y - 4*x. Suppose -19 - 48 = -h. Suppose -h*r + 61*r + 114 = 0. Calculate the remainder when r is divided by y.
3
Let y(w) = 69*w**2 - 403*w - 1204. Calculate the remainder when y(-3) is divided by 45.
41
Let m = -11 - -18. Suppose 1 = -4*k + 2*k - u, -5*u - 5 = 2*k. Suppose k*w = -19*w + 228. What is the remainder when w is divided by m?
5
Let k = 12202 - 5392. Calculate the remainder when k is divided by 13.
11
What is the remainder when ((-7859)/3 + -1)/(21/252*-8) is divided by 8?
3
Let a = 5557 + -2737. What is the remainder when a is divided by 939?
3
Let a(w) = 209*w**2 - 25*w + 20. Calculate the remainder when 804 is divided by a(1).
192
Let l(r) = -r**2 + r + 234. Let x be l(-15). Calculate the remainder when 99/x*1/(-3)*12 is divided by 16.
2
Let b(n) = -3*n**2 - 2*n - 5. Let y(h) = h**3 - h + 2. Let m(s) = -2*b(s) - 4*y(s). Calculate the remainder when 122 is divided by m(-2).
38
Let h = 719 + -407. Let i = 5279 - 5173. Calculate the remainder when h is divided by i.
100
Suppose -334 = 4288*x - 4290*x - 5*o, -x + 4*o + 102 = 0. Let b = 7 - -9. What is the remainder when x is divided by b?
14
Let m(n) = -2*n**3 + 34*n**2 + 221*n + 4. What is the remainder when 240 is divided by m(22)?
6
Let j = -141 + 208. Let h(x) = 8*x + 8. Let n be h(-5). Let z = j + n. Calculate the remainder when 102 is divided by z.
32
Let v be ((-45)/(-6))/(-5)*6. Let u = -9 - v. Suppose -108 = -u*g - 4*g. Calculate the remainder when 106 is divided by g.
25
Let u = -387 + 32. Let i = u - -662. Calculate the remainder when i is divided by 104.
99
Suppose -1609 + 344 = -w. Suppose -17*j - w = -28*j. Let d = 75 - 45. Calculate the remainder when j is divided by d.
25
Suppose 5*a - 205 = -0*a. Let q be (-1 + (-1847)/3)*(-6)/(-5). Let t = 751 + q. What is the remainder when a is divided by t?
8
Let a(j) = 2*j**3 - 2*j**2 - 8. Let z be a(-7). Let t = -305 - z. What is the remainder when t is divided by 14?
11
Suppose -5*z - 18*l = -13*l - 510, 0 = 5*z + l - 502. What is the remainder when 499 is divided by z?
99
Suppose -5*r = w - 1405, -2*r - w = r - 843. Let m = r - 152. Let z = m - 41. Calculate the remainder when z is divided by 18.
16
Let h(a) = -a**3 - 8*a**2 + 18*a - 9. Let u be h(-10). Let z(t) = -t**3 + 7*t**2 + 2*t + 6. What is the remainder when z(6) is divided by 2/((-8)/12) + u?
6
Suppose 0 = -2*b - 0*b + 1110 + 398. Calculate the remainder when b is divided by 2*(-4 - -3) + 16.
12
Let c(o) = 30*o + 4 + 11 - 1 - o**3 - 2*o**2 - 4 - 32*o. Let n = -2 + 2. What is the remainder when 39 is divided by c(n)?
9
Let j(q) = -q**3 - 8*q**2 - 18*q + 13. Let x be j(-6). Suppose 3*y + x + 57 = 5*r, 3*r = y + 66. Calculate the remainder when 44 is divided by r.
21
Let q(h) = h**3 - 13*h**2 - h - 19. Let f be q(13). Let v = -29 - f. What is the remainder when (22/v*3)/((-1)/(-3)) is divided by 17?
15
Let j(b) = -b**2 + 14*b + 38. Let c be j(16). Calculate the remainder when 1 is divided by 0 + c - 195/39.
0
Let v be (3 + (-1 - 3))*-4. Suppose v*x = -2*d + 16 + 42, 2*x - 2*d = 14. What is the remainder when (-2)/12 + 3/((-108)/(-654)) is divided by x?
6
Suppose 0 = 4*z + 12 - 124. Let b = 0 - -20. Suppose b = 15*c - 13*c. Calculate the remainder when z is divided by c.
8
Suppose 10*d + 89*d - 21828 = -3*d. What is the remainder when 1281 is divided by d?
211
Let x(l) = 13*l - 2. Let c be x(-6). Suppose 4*p - 588 = -50*i + 46*i, 0 = 3*p + 5*i - 443. Let n = p + c. What is the remainder when n is divided by 23?
20
Let v be 3/(-3)*(-12)/6. Suppose v*y + 24 = -4*y. Calculate the remainder when y/(-18) - (-1 - (-156)/(-27)) is divided by 2.
1
Let i = 15255 - -3374. Calculate the remainder when i is divided by 18.
17
Let a(o) = 24*o**2 - 13*o - 3. Let r(h) = h**2 + 237. Calculate the remainder when r(0) is divided by a(-1).
33
Let s be (-2475)/5*24/9. Let g = s + 1338. Let r(l) = -15*l. Calculate the remainder when r(-7) is divided by g.
15
Let q(j) = -13*j - 10. Let d(g) = g. Let x(n) = -4*d(n) + q(n). Calculate the remainder when 94 is divided by x(-2).
22
Suppose -71696*p - 5481 = -71725*p. Calculate the remainder when 738 is divided by p.
171
Let u(w) = -7*w + 479. Calculate the remainder when u(4) is divided by 119.
94
Let n(w) = 1. Let k(f) = 5*f + 11. Let d(b) = k(b) - 5*n(b). Let m be d(20). Suppose m - 78 = 4*a. Calculate the remainder when 11 is divided by a.
4
Let i = -67 - -72. Suppose -3*j - 2*m = -22, -11 = -i*m + 14. Suppose -63 = -3*a - j*o, o = -a + 20 + 1. What is the remainder when a is divided by 12?
9
Let w(d) = -2*d**2 + 37*d - 17. Suppose -u - 7*p + 13 = -8*p, u = 4*p + 1. Let a(f) = 4*f**2 + 8*f + 5. Calculate the remainder when a(-6) is divided by w(u).
33
Suppose -2*c = -4*m - 10 + 90, -106 = -5*m + c. Let o = m + 10. Suppose -4*l = -5*p - 64, -3*l + 25 = 3*p - p. What is the remainder when o is divided by l?
10
Let r = -621 + 642. Calculate the remainder when 681 is divided by r.
9
Suppose -1552 = -3*b + 2*h, -2*b - 159*h + 1008 = -155*h. Calculate the remainder when 1554 is divided by b.
12
Suppose -4*g = -o - 10, 2*g - 4*o - 16 = -2*g. Let n be g + -2 - (-2 + 3)*212. What is the remainder when n*(6/3 + 9/(-4)) is divided by 7?
4
Let a(b) = 22*b + 10. Let d be a(2). What is the remainder when (-5 - -20)*d/30 is divided by 9?
0
Let w(s) = 3*s**2 + 142*s + 815. Calculate the remainder when w(-42) is divided by 105.
38
Suppose 6*n - 2*n = 656. Suppose 623 = 22*y - 455. Suppose -21 = g - y. Calculate the remainder when n is divided by g.
24
Let b = -29 - -141. Let l(y) = 12*y**2 - 56*y + 20. What is the remainder when b is divided by l(5)?
32
Let y(s) = s**3 + 56*s**2 + 216*s + 451. Calculate the remainder when 427 is divided by y(-52).
7
Let h(g) = 3*g**2 - 13*g - 19. Let d be h(5). Let z(u) = -3*u - 5. Calculate the remainder when z(d) is divided by 8.
6
Let n = -304 + 472. Let p(c) = -c**3 + 31*c**2 - 81*c - 37. Calculate the remainder when n is divided by p(28).
27
Suppose -171*k = 5097 - 41178. What is the remainder when 1063 is divided by k?
8
Suppose 21*a - 8947 = -1849. Let d = a - 317. What is the remainder when 55 is divided by d?
13
Suppose -h + 219 + 58 = 0. Let n = -243 + h. Suppose -l = 4*l - 325. Calculate the remainder when l is divided by n.
31
What is the remainder when 177/((-45)/210*-1) is divided by 138?
136
Let c be 1624/20 + 4/(-20). Let r be (-4 + -1)/(8 + c/(-9)). Suppose -u = r*y - 32, -y - 4*y = -5*u + 130. What is the remainder when 78 is divided by u?
24
Let p = 89 - 188. Suppose -2*n = -3*f + 2*n + 326, -2*f = 3*n - 223. Let o = f + p. What is the remainder when o is divided by 3?
2
Suppose -10*c - 13*c = 3*c - 15080. Calculate the remainder when c is divided by 578.
2
Suppose 2862 = 292*t - 288*t + 3*f, 3*t - 4*f - 2134 = 0. Calculate the remainder when t is divided by 349.
16
Let k = -14 - -22. Let o = 24 - k. Suppose 37 = o*l - 15*l. Calculate the remainder when l is divided by 20.
17
Suppose 9*p = -r + 6*p + 16, 0 = -4*p + 16. Suppose -r*d + 17*d = 390. Calculate the remainder when 449 is divided by d.
29
What is the remainder when 3025 is divided by 31 + 3*(8/(-28) + (-2)/42)?
25
Let s(h) = h**2 - 9*h + 28. Let y be s(5). Suppose z + g - 11 = 0, z + 3*g + 1 = y. Calculate the remainder when 453 is divided by z.
11
Suppose 21*k - 17*k + 154 = 5*d, 0 = -2*d + 5*k + 82. Calculate the remainder when 1216 is divided by d.
20
Let o = 1628 + -1451. Let m = -65 - -105. What is the remainder when m is divided by o/413 + 1 + (-344)/(-14)?
14
Let h = -2130 + 2207. Let m(o) = 26*o - 64. Calculate the remainder when h is divided by m(3).
7
Suppose -4*j = -4*l - 312, 0 = 28*j - 24*j + 4*l - 312. What is the remainder when j is divided by 63?
15
Suppose -2*r - 182 = -5*o, -3*r + 84 = -2526*o + 2529*o. Let i be (-3)/1*(-389)/(-3). Let k = 556 + i. Calculate the remainder when k is divided by o.
31
Let d(b) be the third derivative of -17*b**4/12 + 107*b**3/2 + 6*b**2 + 4*b. What is the remainder when 248 is divided by d(9)?
8
Let r(p) = -6*p**2 - 4*p - 2. Let f be r(-2). Let o be 2*-4 + -2*42/(-28). What is the remainder when 6 is divided by f/(-45) + (-13)/o?
0
Let z be 3 - ((-4)/6 + 6/(-18)). Suppose -z*r - 74 = 126. Let o = -41 - r. Calculate the remainder when 32 is di